p = 1077. What are the prime factors of f?
7, 37
Let y be 3*4/42 - 4/14. Suppose -16*c + 14*c = y. Suppose c = 7*f + 50 - 687. List the prime factors of f.
7, 13
Let p be (2 + 163 - -1)/(-14 + 16). Suppose -8*x + 35 = p. Let t(w) = -w**3 - 6*w**2 - 6*w + 14. What are the prime factors of t(x)?
2, 5
Let c be (-4993)/(-8) - 1/(5 - -3). Suppose 18*d - 2452 = 14*d - 5*a, -d + c = 4*a. List the prime factors of d.
2, 19
List the prime factors of (273/91)/(3/3665).
5, 733
Suppose 7*l - 8*l = y + 3240, -5*y = l + 3232. Let r = -1473 - l. List the prime factors of r.
29, 61
Let m be (-6)/8*-24 - (0 - 4 - -3). Suppose 8*l = 3*l + 80. Suppose -m*c = -l*c - 78. List the prime factors of c.
2, 13
Let c(v) = 32*v + 6210. Let w be c(0). Suppose 22*y = 4*y + w. What are the prime factors of y?
3, 5, 23
Suppose 0 = 4*q - 24 - 1292. Let x = 449 - q. What are the prime factors of x?
2, 3, 5
Let h = -960 + 1388. Let b = h - -962. List the prime factors of b.
2, 5, 139
Let s = 225 + -158. Let d = 126 - s. Let u = -47 + d. List the prime factors of u.
2, 3
Let x = 8309 + 1575. What are the prime factors of x?
2, 7, 353
Suppose 2*c + 5 - 19 = -s, -s + 26 = 4*c. Suppose -c*t = -3*t. Suppose t = 5*u + 15, -l = -0*l - 2*u - 23. List the prime factors of l.
17
Suppose -u + 188 = -89. What are the prime factors of u + (-5)/((-10)/(-14))?
2, 3, 5
What are the prime factors of (-3593)/((95/(-15))/19)?
3, 3593
Suppose 248445 = -105*l + 1384825 + 2924600. What are the prime factors of l?
2, 3, 11, 293
What are the prime factors of (35883/(-54))/(2/(-28))?
3, 7, 443
Let q be -1 + 5 + 5 + -5. Suppose 8*g - q*g - m - 1838 = 0, 0 = -2*g - 3*m + 912. List the prime factors of g.
3, 17
Suppose -239*s + 234*s - 2*h = -46139, -s - 5*h + 9214 = 0. What are the prime factors of s?
11, 839
Let s = -17113 - -34441. List the prime factors of s.
2, 3, 19
Let w be (32/12 + (-8)/12)*2. Suppose -7*l - 1 = -3*u - 6*l, 0 = -u + w*l - 18. Suppose 573 = u*h + h. List the prime factors of h.
191
Let v(a) = 2*a + 14 + 0 + 23. Let x(l) = 7*l + 147. Let t(q) = -21*v(q) + 5*x(q). What are the prime factors of t(-18)?
2, 3, 7
Let k be (-2 + 3)/(6/(-12)). Let q(n) = 23*n**2 - 4*n + 3. What are the prime factors of q(k)?
103
List the prime factors of 20438 + (1/(-4) - 1)/((-416)/(-1664)).
3, 7, 139
Let z be (-5 - 0)/((-4)/12). Let y be (1 - 1)/((-15)/z). Suppose y = 10*u - 4*u - 1206. What are the prime factors of u?
3, 67
Let i(o) = o**3 - 4*o**2 - 2*o - 6. Let l be i(5). Let v be l/(-3)*8/12. List the prime factors of 103 - (-3 + (3 - v)).
101
Suppose -5*g + 265 = 145. List the prime factors of g.
2, 3
Suppose 27*o + 27*o - 587538 = 12*o. List the prime factors of o.
3, 4663
Let q be (-21591)/(-11) + 5/(55/2). Suppose -6*x + q = -2*x - 3*d, x - 486 = -4*d. Suppose -o - x = -3*g + 423, -4*g = 5*o - 1211. List the prime factors of g.
2, 19
Suppose 3*t = 3*p - t + 7, 0 = 2*p - 4*t + 10. Let l(i) = 21*i + p + 3 + 1. List the prime factors of l(3).
2, 5, 7
Let d = 21 - -28. Let c = d + -41. Let a(o) = o**3 - 6*o**2 - 10*o + 6. What are the prime factors of a(c)?
2, 3
Suppose -5*x - 4*b = -35, 0*b = -3*x - 3*b + 24. Suppose 23*o = -3121 + 12873. Suppose 4*w + x*t - o = 308, -5*w + t = -915. What are the prime factors of w?
3, 61
Let w = 5498 - 2575. What are the prime factors of w?
37, 79
Let u = 762 - 752. Suppose -h = -1537 + 95. Suppose -u*z + 208 = -h. List the prime factors of z.
3, 5, 11
Suppose -2*i = -3*g + i - 78, 57 = -2*g + 3*i. List the prime factors of (-2998)/(-6) - 7/g.
2, 5
Suppose -32 = 300*j - 304*j. Suppose j*n - 6*n = -2*k + 350, 0 = -2*n + 2*k + 338. What are the prime factors of n?
2, 43
Let x(m) = -575*m - 49. List the prime factors of x(-7).
2, 7, 71
Let h(w) = 3*w**2 + 9*w + 7. Let x(z) = -z**3 + 14*z**2 + 35*z - 42. Let b be x(16). What are the prime factors of h(b)?
13
Let w(z) = z**2 + 10*z - 17. Let f be w(-12). Let b(h) = 2*h - 8. Let n be b(f). Suppose n = x - 10. List the prime factors of x.
2
Let o be -1905*(8 + -11 - -2). Let g = o + -846. What are the prime factors of g?
3, 353
Suppose 105*s = 103*s + 4. Suppose 0 = 5*w + s*i - 2153, 5*w + 8*i = 10*i + 2137. List the prime factors of w.
3, 11, 13
Let u = 43 - 34. Suppose y + 4*v + u = 1, 2*v + 4 = 0. Suppose y = -2*i - i + 90. What are the prime factors of i?
2, 3, 5
Suppose -3*k + j - 102 = 170, 4*k + 352 = -4*j. Let s be (1/(-3))/(2/(-6)). What are the prime factors of (-6 + k)*s/(-2)?
2, 3
Let g be (-6)/(-12)*4 + 4732. Suppose 8*k = -k + g. List the prime factors of k.
2, 263
Suppose -b + 2*n = 7*n - 139, -4*b - 4*n + 620 = 0. What are the prime factors of 40969/b + 2/6?
2, 3, 43
Let i(s) = -1185*s**3 - 2*s**2 - 144*s - 283. List the prime factors of i(-2).
3, 13
Suppose -17*r + 196547 - 11450 = -23629. What are the prime factors of r?
2, 7, 877
What are the prime factors of -27 - 4092/(-155) - 409046/(-10)?
2, 5113
Let x(o) = -o**3 - 8*o**2 - 14*o - 36. Let d(b) = -5*b. Let n(c) = 3*d(c) - x(c). List the prime factors of n(10).
2, 11, 83
Suppose 2*l = 9*l - 21. Suppose 200 = m + 3*m - l*c, -m = 2*c - 39. Let t = 79 - m. What are the prime factors of t?
2
Let s = -385 + 407. List the prime factors of (119/374 - (-4)/s)*1586.
13, 61
Suppose 3*r = p + 5, -8*p - 2*r = -13*p + 1. Let z(l) = 207*l**2 - 8*l. What are the prime factors of z(p)?
199
Suppose v = 3*u + 2, 3*v + 5*u + 9 = 1. Let x be -34 - (1 + (-2)/(v + -1)). Let s = x + 57. What are the prime factors of s?
3, 7
Let g = -47690 - -68368. List the prime factors of g.
2, 7, 211
List the prime factors of -1 + (41 - 38) - (-1 + -1325).
2, 83
Let y = 183 + -2508. Let w = y + 3498. What are the prime factors of w?
3, 17, 23
Let d = 66414 - 39817. List the prime factors of d.
26597
Suppose 7 = -r + 6. Let b be (43 - 3) + (-2 - r). List the prime factors of (-30)/(-4)*884/b.
2, 5, 17
Suppose 5*j - 395 = 5*p, 4*p - 375 = -4*j - 91. List the prime factors of 0 + 1 + -28*j/(-12).
2, 11
Suppose 5*y - 10 = 0, 0 = 4*u - 5*y - 178 - 304. Suppose -5*g - 31 = -5*r + 4, -3*r = 2*g + 4. Suppose r*q = -u + 313. What are the prime factors of q?
5, 19
Let q(l) = 175*l + 49. Let s(d) = -174*d - 48. Let y(i) = 5*q(i) + 4*s(i). What are the prime factors of y(4)?
769
Suppose 6*c + 48 = 216. Suppose 9*v - c = 2*v. Suppose 0 = -v*g - 5*q + 639, 4*q = 2*q - 2. What are the prime factors of g?
7, 23
Let d = -17513 + 18933. List the prime factors of d.
2, 5, 71
Let v = -58 - -62. Suppose 27*r - 479 = -b + 24*r, -5*r - 1831 = -v*b. List the prime factors of b.
2, 29
Let g(n) be the third derivative of -n**6/120 + 19*n**5/60 + 41*n**4/24 - 35*n**3/6 + 35*n**2. What are the prime factors of g(20)?
5, 7, 11
Let u(q) be the third derivative of q**5/60 - q**4/8 - q**3 - 10*q**2. List the prime factors of u(5).
2
Suppose -22*m + 353861 = -262843. List the prime factors of m.
2, 3, 73
Let m = -327 - -598. Let x be 11/33 + m/(-3). Let c = x - -176. What are the prime factors of c?
2, 43
Suppose -55*w + 40 = -51*w. Suppose w = -5*y, -3*s + 4*y + 55 = -1573. List the prime factors of s.
2, 3, 5
Suppose -g + 3*t = -5688, -7*t + 11*t - 11396 = -2*g. List the prime factors of g.
2, 3, 13, 73
Let y = -941 + 1836. Let z = 1653 - y. List the prime factors of z.
2, 379
Suppose 0 = -24*r + 16*r - 10*r + 88902. List the prime factors of r.
11, 449
Let g(u) = u**3 + 18*u**2 - 16*u - 145. List the prime factors of g(17).
2, 13, 373
Let i = 32989 - 18804. What are the prime factors of i?
5, 2837
Let m(x) = -66 + 24*x + 22*x - 21*x + 5. Let f(v) = -13*v + 31. Let l(y) = 11*f(y) + 6*m(y). What are the prime factors of l(21)?
2, 61
Let f(t) = 4*t - 103. Let w be f(27). Suppose -3*s + 4*y + 950 = 0, w*y = -4*s + 2 + 1306. List the prime factors of s.
2, 7, 23
Suppose 4*w + 1450 = 2*u, 126*u - 745 = 125*u - 2*w. List the prime factors of u.
3, 5, 7
Suppose 0 = o - 3*f - 357, -5*o = -3*f + 2*f - 1855. Let p = 611 - o. What are the prime factors of p?
239
List the prime factors of (10 + (-109066)/115)*40/(-6).
2, 17, 23
Let q = 60276 - 32957. List the prime factors of q.
17, 1607
Suppose -7*x = 3*f - 6*x - 6163, 2*f - x - 4112 = 0. What are the prime factors of (-1 + f/(-6))*106/(-53)?
3, 229
Let d(t) = -t**3 - 65*t**2 - 19*t - 114. List the prime factors of d(-65).
19, 59
Let h(z) = 5 + 16*z**2 + 9*z - 8*z**2 - 16*z